inder when 4 is divided by 4?
0
Calculate the remainder when 754 is divided by 31.
10
Calculate the remainder when 1176 is divided by 233.
11
What is the remainder when 6381 is divided by 336?
333
Calculate the remainder when 24 is divided by 10.
4
Calculate the remainder when 622 is divided by 89.
88
Calculate the remainder when 59 is divided by 7.
3
What is the remainder when 1092 is divided by 272?
4
Calculate the remainder when 118 is divided by 44.
30
Calculate the remainder when 3988 is divided by 19.
17
Calculate the remainder when 5277 is divided by 165.
162
Calculate the remainder when 65469 is divided by 186.
183
Calculate the remainder when 108 is divided by 9.
0
What is the remainder when 334 is divided by 111?
1
What is the remainder when 167 is divided by 24?
23
Calculate the remainder when 1616 is divided by 54.
50
Calculate the remainder when 354 is divided by 51.
48
Calculate the remainder when 12008 is divided by 42.
38
What is the remainder when 78 is divided by 20?
18
What is the remainder when 207 is divided by 179?
28
What is the remainder when 173 is divided by 36?
29
Calculate the remainder when 119 is divided by 42.
35
What is the remainder when 24 is divided by 19?
5
Calculate the remainder when 2323 is divided by 242.
145
Calculate the remainder when 655 is divided by 82.
81
What is the remainder when 31 is divided by 14?
3
Calculate the remainder when 63 is divided by 23.
17
What is the remainder when 423 is divided by 55?
38
Calculate the remainder when 237 is divided by 32.
13
Calculate the remainder when 866 is divided by 30.
26
Calculate the remainder when 462 is divided by 425.
37
What is the remainder when 4888 is divided by 30?
28
Calculate the remainder when 1564 is divided by 19.
6
What is the remainder when 594 is divided by 43?
35
What is the remainder when 16358 is divided by 40?
38
What is the remainder when 42238 is divided by 40?
38
Calculate the remainder when 101 is divided by 16.
5
Calculate the remainder when 2 is divided by 2.
0
What is the remainder when 231 is divided by 17?
10
What is the remainder when 507 is divided by 51?
48
What is the remainder when 604 is divided by 28?
16
Calculate the remainder when 71 is divided by 25.
21
What is the remainder when 593 is divided by 25?
18
What is the remainder when 10687 is divided by 12?
7
What is the remainder when 77 is divided by 26?
25
Calculate the remainder when 24 is divided by 8.
0
Calculate the remainder when 314 is divided by 154.
6
What is the remainder when 2757 is divided by 102?
3
What is the remainder when 594 is divided by 35?
34
Calculate the remainder when 48 is divided by 15.
3
What is the remainder when 177 is divided by 21?
9
What is the remainder when 254 is divided by 151?
103
What is the remainder when 30 is divided by 20?
10
Calculate the remainder when 395 is divided by 391.
4
What is the remainder when 1047 is divided by 15?
12
What is the remainder when 226 is divided by 180?
46
Calculate the remainder when 283 is divided by 79.
46
What is the remainder when 732 is divided by 57?
48
Calculate the remainder when 273 is divided by 140.
133
What is the remainder when 2030 is divided by 61?
17
What is the remainder when 68 is divided by 59?
9
What is the remainder when 1864 is divided by 1864?
0
Calculate the remainder when 530 is divided by 192.
146
Calculate the remainder when 1706 is divided by 95.
91
Calculate the remainder when 87 is divided by 32.
23
Calculate the remainder when 10171 is divided by 3389.
4
What is the remainder when 347 is divided by 59?
52
What is the remainder when 148 is divided by 48?
4
What is the remainder when 367 is divided by 71?
12
Calculate the remainder when 409 is divided by 59.
55
Calculate the remainder when 8152 is divided by 9.
7
What is the remainder when 7018 is divided by 135?
133
Calculate the remainder when 251 is divided by 140.
111
Calculate the remainder when 7 is divided by 5.
2
Calculate the remainder when 583 is divided by 98.
93
Calculate the remainder when 315 is divided by 40.
35
Calculate the remainder when 387 is divided by 56.
51
What is the remainder when 104 is divided by 36?
32
Calculate the remainder when 2695 is divided by 895.
10
Calculate the remainder when 581 is divided by 75.
56
Calculate the remainder when 14116 is divided by 40.
36
Calculate the remainder when 2286 is divided by 65.
11
What is the remainder when 369 is divided by 52?
5
Calculate the remainder when 364 is divided by 79.
48
Calculate the remainder when 96 is divided by 21.
12
What is the remainder when 1306 is divided by 94?
84
What is the remainder when 973 is divided by 474?
25
What is the remainder when 170 is divided by 56?
2
Calculate the remainder when 555 is divided by 271.
13
Calculate the remainder when 763 is divided by 12.
7
What is the remainder when 72 is divided by 25?
22
Calculate the remainder when 18 is divided by 8.
2
Calculate the remainder when 338 is divided by 68.
66
What is the remainder when 23 is divided by 11?
1
Calculate the remainder when 658 is divided by 32.
18
Calculate the remainder when 1666 is divided by 135.
46
Calculate the remainder when 586 is divided by 20.
6
Calculate the remainder when 40 is divided by 21.
19
What is the remainder when 219 is divided by 76?
67
Calculate the remainder when 119 is divided by 23.
4
What is the remainder when 1802 is divided by 13?
8
Calculate the remainder when 3583 is divided by 32.
31
What is the remainder when 116 is divided by 40?
36
What is the remainder when 91 is divided by 37?
17
What is the remainder when 548 is divided by 19?
16
What is the remainder when 74 is divided by 33?
8
Calculate the remainder when 4180 is divided by 1043.
8
Calculate the remainder when 51 is divided by 13.
12
What is the remainder when 30 is divided by 29?
1
Calculate the remainder when 428 is divided by 44.
32
Calculate the remainder when 551 is divided by 110.
1
Calculate the remainder when 1049 is divided by 59.
46
Calculate the remainder when 397 is divided by 134.
129
Calculate the remainder when 14567 is divided by 10.
7
What is the remainder when 710 is divided by 19?
7
Calculate the remainder when 3654 is divided by 69.
66
What is the remainder when 101 is divided by 15?
11
Calculate the remainder when 66 is divided by 31.
4
What is the remainder when 320 is divided by 36?
32
What is the remainder when 23731 is divided by 46?
41
Calculate the remainder when 506 is divided by 30.
26
What is the remainder when 537 is divided by 136?
129
Calculate the remainder when 166 is divided by 10.
6
What is the remainder when 31 is divided by 11?
9
Calculate the remainder when 660 is divided by 113.
95
Calculate the remainder when 95 is divided by 13.
4
Calculate the remainder when 51 is divided by 10.
1
Calculate the remainder when 1996 is divided by 74.
72
What is the remainder when 442 is divided by 30?
22
What is the remainder when 402 is divided by 92?
34
What is the remainder when 171 is divided by 85?
1
What is the remainder when 2452 is divided by 607?
24
What is the remainder when 271 is divided by 174?
97
Calculate the remainder when 215 is divided by 111.
104
Calculate the remainder when 440 is divided by 111.
107
Calculate the remainder when 77 is divided by 7.
0
Calculate the remainder when 3153 is divided by 38.
37
What is the remainder when 369 is divided by 126?
117
What is the remainder when 835 is divided by 11?
10
Calculate the remainder when 408 is divided by 82.
80
Calculate the remainder when 1870 is divided by 24.
22
What is the remainder when 95 is divided by 50?
45
What is the remainder when 365 is divided by 37?
32
What is the remainder when 2126 is divided by 27?
20
What is the remainder when 36 is divided by 19?
17
What is the remainder when 9622 is divided by 25?
22
Calculate the remainder when 96 is divided by 53.
43
What is the remainder when 565 is divided by 158?
91
Calculate the remainder when 412 is divided by 5.
2
What is the remainder when 461 is divided by 153?
2
Calculate the remainder when 2127 is divided by 256.
79
What is the remainder when 189 is divided by 49?
42
Calculate the remainder when 348 is divided by 48.
12
Calculate the remainder when 331 is divided by 96.
43
What is the remainder whe